ors of 770839064?
2, 96354883
List the prime factors of 172582690.
2, 5, 7, 2465467
List the prime factors of 71095883.
1667, 42649
List the prime factors of 620711819.
7, 13, 40361
What are the prime factors of 133046999?
133046999
What are the prime factors of 189712417?
79, 2401423
What are the prime factors of 2163909?
3, 11, 23, 2851
What are the prime factors of 1257464618?
2, 179, 3512471
List the prime factors of 120063964.
2, 19, 37, 42697
List the prime factors of 165661880.
2, 5, 757, 5471
List the prime factors of 279418371.
3, 5011, 18587
What are the prime factors of 3279941484?
2, 3, 31, 8817047
List the prime factors of 196971671.
13, 15151667
What are the prime factors of 298142943?
3, 7, 1801, 7883
List the prime factors of 1364158353.
3, 17, 373, 71711
What are the prime factors of 28492786?
2, 7, 41, 49639
List the prime factors of 136122093.
3, 5041559
What are the prime factors of 380764870?
2, 5, 389, 97883
What are the prime factors of 6736614574?
2, 23563, 142949
What are the prime factors of 7418767553?
23, 1447, 222913
List the prime factors of 7221212.
2, 1805303
What are the prime factors of 164075432?
2, 17, 461, 2617
What are the prime factors of 4460297809?
11, 11953, 33923
List the prime factors of 924066360.
2, 3, 5, 7, 122231
What are the prime factors of 44496363?
3, 14832121
What are the prime factors of 264796606?
2, 31, 269, 15877
List the prime factors of 90701705.
5, 29, 625529
What are the prime factors of 314783563?
314783563
What are the prime factors of 97873501?
11, 8897591
What are the prime factors of 868424500?
2, 5, 1736849
What are the prime factors of 37981955?
5, 11, 61, 11321
List the prime factors of 1283969574.
2, 3, 17, 19, 220841
List the prime factors of 27524954.
2, 911, 15107
List the prime factors of 61002662.
2, 7, 233, 18701
List the prime factors of 3822032311.
71, 73, 353, 2089
List the prime factors of 85001916.
2, 3, 1759, 4027
List the prime factors of 75702079.
1933, 39163
List the prime factors of 7387078309.
13, 14537, 39089
What are the prime factors of 82515503?
7, 47, 250807
What are the prime factors of 784288827?
3, 7, 12449029
What are the prime factors of 181366887?
3, 13, 181, 25693
What are the prime factors of 837579?
3, 89, 3137
What are the prime factors of 830716040?
2, 5, 7, 11, 269713
List the prime factors of 89125184.
2, 23, 191, 317
List the prime factors of 581790472.
2, 71, 181, 5659
What are the prime factors of 285820974?
2, 3, 139, 4231
List the prime factors of 404254103.
11, 3340943
List the prime factors of 69115226.
2, 34557613
List the prime factors of 786730529.
13, 1021, 59273
What are the prime factors of 88392972?
2, 3, 7366081
What are the prime factors of 973203295?
5, 194640659
List the prime factors of 393405435.
3, 5, 1481, 5903
List the prime factors of 3805370734.
2, 11, 199, 869203
List the prime factors of 1560330217.
19, 82122643
List the prime factors of 1408695837.
3, 17, 67, 83, 4967
What are the prime factors of 69226030?
2, 5, 6922603
List the prime factors of 16589035.
5, 3317807
What are the prime factors of 109815400?
2, 5, 739, 743
What are the prime factors of 530969611?
19, 199, 317, 443
What are the prime factors of 35002953?
3, 3889217
What are the prime factors of 2402122421?
307, 347, 22549
List the prime factors of 1798833506.
2, 899416753
What are the prime factors of 7333132673?
7333132673
List the prime factors of 1297158715.
5, 23, 1973, 5717
What are the prime factors of 4896605961?
3, 13, 31, 157, 8599
What are the prime factors of 1322240094?
2, 3, 7, 29, 73, 4957
List the prime factors of 1121908587.
3, 29, 2207, 5843
What are the prime factors of 41539387?
281, 147827
What are the prime factors of 66770474?
2, 33385237
What are the prime factors of 91582781?
53, 83, 109, 191
List the prime factors of 1385145339.
3, 103, 1063, 4217
What are the prime factors of 21650102?
2, 2039, 5309
List the prime factors of 487647908.
2, 11, 61, 83, 199
List the prime factors of 49892617.
283, 176299
What are the prime factors of 138153879?
3, 1693, 9067
List the prime factors of 254500816.
2, 15906301
What are the prime factors of 990110350?
2, 5, 2647, 7481
What are the prime factors of 23600338?
2, 41, 449, 641
What are the prime factors of 41782418?
2, 20891209
What are the prime factors of 160037876?
2, 37, 1081337
List the prime factors of 1354754554.
2, 41, 263, 62819
What are the prime factors of 21967179?
3, 13, 17, 1949
What are the prime factors of 127283278?
2, 63641639
What are the prime factors of 123388648?
2, 15423581
What are the prime factors of 12393197?
12393197
What are the prime factors of 820380244?
2, 205095061
What are the prime factors of 25743834?
2, 3, 199, 7187
What are the prime factors of 423550242?
2, 3, 19, 53, 7789
List the prime factors of 3653677474.
2, 179, 10205803
What are the prime factors of 227069411?
227069411
List the prime factors of 3493290440.
2, 5, 87332261
List the prime factors of 15475937.
19, 29, 28087
What are the prime factors of 3755855332?
2, 25147, 37339
List the prime factors of 251113176.
2, 3, 103, 11287
List the prime factors of 117239400.
2, 3, 5, 7237
What are the prime factors of 133156530?
2, 3, 5, 13, 113809
What are the prime factors of 31850107?
1217, 26171
What are the prime factors of 55844387?
421, 132647
List the prime factors of 437514801.
3, 145838267
What are the prime factors of 2484833?
13, 191141
What are the prime factors of 79400360?
2, 5, 13, 43, 53, 67
List the prime factors of 1554370038.
2, 3, 13, 23, 337, 857
List the prime factors of 206219471.
31, 6652241
What are the prime factors of 44946173?
53, 73, 11617
What are the prime factors of 87602636?
2, 11, 1990969
What are the prime factors of 1186354075?
5, 653, 72671
List the prime factors of 52726312.
2, 6590789
List the prime factors of 3164024395.
5, 7, 90400697
List the prime factors of 92177552.
2, 43, 133979
What are the prime factors of 7527829734?
2, 3, 418212763
List the prime factors of 908743270.
2, 5, 41, 197, 11251
What are the prime factors of 634606633?
7723, 82171
List the prime factors of 23276688.
2, 3, 239, 2029
What are the prime factors of 2982587104?
2, 7, 13315121
List the prime factors of 507207049.
20771, 24419
What are the prime factors of 159219397?
159219397
List the prime factors of 682096956.
2, 3, 383, 148411
List the prime factors of 43125025.
5, 509, 3389
What are the prime factors of 358787609?
7741, 46349
List the prime factors of 242275022.
2, 11, 11012501
What are the prime factors of 10089468?
2, 3, 103, 907
What are the prime factors of 818565646?
2, 59, 6936997
List the prime factors of 645828210.
2, 3, 5, 2477, 2897
List the prime factors of 26092480.
2, 5, 67, 1217
What are the prime factors of 12347012?
2, 131, 23563
List the prime factors of 967448536.
2, 19, 79, 80567
What are the prime factors of 65760520?
2, 5, 7, 19, 47, 263
List the prime factors of 30293027.
43, 61, 11549
What are the prime factors of 316884577?
193, 1641889
What are the prime factors of 550292946?
2, 3, 7, 227, 57719
What are the prime factors of 116169573?
3, 13, 23, 129509
What are the prime factors of 112741801?
19, 5933779
List the prime factors of 52539779.
73, 719723
What are the prime factors of 11984200?
2, 5, 59921
List the prime factors of 208292026.
2, 211, 493583
What are the prime factors of 353586910?
2, 5, 17, 2079923
List the prime factors of 667994996.
2, 191, 563, 1553
What are the prime factors of 131348258?
2, 65674129
List the prime factors of 55382691.
3, 7, 13, 73, 397
List the prime factors of 725804435.
5, 103, 1409329
List the prime factors of 349668729.
3, 38852081
What are the prime factors of 938149268?
2, 7, 5653, 5927
List the prime factors of 392290245.
3, 5, 19, 458819
List the prime factors of 287600849.
17, 47, 593, 607
What are the prime factors of 339403229?
11, 863, 35753
What are the prime factors of 173872600?
2, 5, 11, 17, 4649
List the prime factors of 5027616.
2, 3, 11, 23
List the prime factors of 75978572.
2, 18994643
List the prime factors of 1408001903.
7, 11, 1447, 12637
What are the prime factors of 53056722?
2, 3, 23, 384469
What are the prime factors of 715858904?
2, 3259, 27457
What are the prime factors of 158856